d m?
8
Let f(k) = 5*k - 3. Let w be f(3). Suppose -5*g + 3*u + 769 = 0, -2*g - 5*u = 76 - 365. Let v = g - 44. Calculate the highest common divisor of v and w.
12
Let m(k) = 9*k - 4. Let q be m(2). Calculate the highest common divisor of 28 and q.
14
Let l be (3 - -4 - 0) + 0. Let n = -41 - -97. Calculate the greatest common divisor of l and n.
7
Suppose 12*l = 13*l - 13. Calculate the greatest common divisor of 117 and l.
13
Let o be (3 - 5) + 2 - (-20)/2. Suppose 0 = -4*h + 80 + 20. What is the highest common factor of h and o?
5
Let a(r) = -r + 8. Let w be a(6). Let v(x) = 10*x**3. Let m be v(w). Calculate the highest common divisor of m and 20.
20
Suppose 3*n + 17 - 71 = 0. Let k = 85 - 58. Calculate the greatest common divisor of k and n.
9
Let x be 2*(-6)/(-10)*-30. Let o = 66 + x. What is the greatest common divisor of o and 15?
15
Let f = -7 + 2. Let q be (2/f)/(2/30). Let z = q + 15. Calculate the greatest common divisor of z and 3.
3
Suppose a = 6*a - 50. Let l be 1*6*(-2)/(-6). Calculate the highest common divisor of a and l.
2
Suppose 3*w = 8*w - 135. Let o(q) = -q - 4. Let x = 9 + -16. Let f be o(x). Calculate the greatest common divisor of w and f.
3
Let r = -46 - -54. Suppose 7 = 5*j - 53. Calculate the greatest common divisor of j and r.
4
Let k = -4 - -3. Let g be 10/((-2 - k)/(-1)). Let o(t) = -t**2 - 15*t + 4. Let w be o(-12). Calculate the greatest common divisor of w and g.
10
Suppose -3*d = -0*d - 81. Suppose 3*k - 32 = -k + 2*h, 0 = 2*k - 5*h - 8. Calculate the greatest common divisor of k and d.
9
Let i be (48/(-30))/(-1*3/15). What is the highest common factor of i and 104?
8
Let g(q) be the third derivative of q**4/6 - 7*q**3/6 + 4*q**2. Let z be g(6). Let f = 132 + 21. What is the greatest common factor of z and f?
17
Let p be (-5 - -4) + 1*-17. Let m be (8/(-6))/(p/(-135)). Let d = 20 + m. What is the highest common divisor of 10 and d?
10
Let r = 65 - -34. Calculate the highest common divisor of r and 9.
9
Suppose 39 = 3*x - 3*o, 2*x + 2*o = -o + 21. What is the greatest common factor of x and 60?
12
Let d(v) = -v**3 - 6*v**2 - 3*v - 1. Let m be d(-6). Let o(u) = 4*u + 4. Let j be o(-4). Let x = m + j. What is the greatest common divisor of 5 and x?
5
Let j(q) = -q**3 - 9*q**2 - 7*q + 11. Let f be j(-8). Let x = -5 - f. Let p be 274/4 - (-4)/x. Calculate the highest common factor of 17 and p.
17
Let m = 5 + -4. Let n be m*-6*(-66)/4. Let o be (-1)/((-1)/22*2). What is the greatest common factor of n and o?
11
Suppose -5*r + 138 + 432 = 0. What is the highest common factor of r and 57?
57
Let t = -70 + 115. Let l = t + -10. Suppose -62 = -3*p - v - 3*v, 0 = -2*v + 10. Calculate the highest common divisor of p and l.
7
Let m be (1/5 - 0) + 2065/175. What is the highest common divisor of 78 and m?
6
Let p(f) = f**3 - 11*f**2 - 6*f + 19. Let o be p(12). What is the highest common factor of 13 and o?
13
Let y be (3 + -1)/((-4)/(-22)). Suppose -4*b = -2*b + 12. Let v = y + b. Calculate the highest common factor of 55 and v.
5
Let l(f) = 29*f - 3. Let q be l(3). Let d = -44 + q. Suppose -5*b = -15 - d. Calculate the greatest common factor of b and 11.
11
Let q(d) = -2*d + 8. Suppose -2*p = p + 5*h - 19, -3*p + 23 = h. Suppose 5*m - p + 38 = 0. Let g be q(m). What is the highest common factor of g and 5?
5
Suppose 78 = 2*m + 14. Calculate the greatest common factor of 4 and m.
4
Suppose -3*v - 4*i + 36 = 0, -3*v = -6*v + 3*i + 36. Calculate the greatest common factor of 132 and v.
12
Let r(q) = -q**3 + 9*q**2 + 3*q + 13. Let i be ((-4)/(-2))/((-2)/(-9)). Let d be r(i). Calculate the greatest common factor of d and 5.
5
Suppose -27 = -2*x - 4*k - k, -x - 5*k + 21 = 0. Suppose 10 + x = 4*c. Suppose 3*a - c*a = -3. What is the greatest common factor of 33 and a?
3
Suppose 34 = -0*m + m. Let y = 51 - m. Suppose 3*i = -0*i + 255. Calculate the greatest common divisor of y and i.
17
Suppose v - 4*k = 8, -k + 171 = 4*v + 54. What is the greatest common divisor of 7 and v?
7
Let y be -1 + 3/(9/57). Let a = 19 - y. Calculate the greatest common divisor of a and 7.
1
Let k be (-36)/(-10) + (-24)/(-60). Let s be ((-9)/12)/(2/(-8)). Suppose 0 = -s*w + 8*w - 220. What is the greatest common factor of w and k?
4
Suppose -b = b - 28. Suppose 5*n - 3*s = n + 53, 0 = n + s - 15. Calculate the highest common factor of b and n.
14
Let p(n) = -n**2 - 6*n. Let k be p(-5). Suppose k*f = f + 4. What is the greatest common divisor of 1 and f?
1
Let r = -36 + 77. What is the greatest common divisor of 205 and r?
41
Let q be 9/(-1 - 2) + 1. Let j be q/(-2)*-2 - -12. Calculate the greatest common factor of j and 10.
10
Let n = 149 + -84. Suppose -5*y + 345 = n. Suppose 3*c - y = -c. What is the greatest common factor of c and 14?
14
Let y(g) = -34*g**3 + g**2 + g + 1. Let b be y(-1). What is the greatest common divisor of b and 7?
7
Let v(p) = -p**3 + 5*p**2 + 2*p. Let g be v(5). What is the highest common divisor of g and 2?
2
Let l(o) = -o**2 - 9*o + 6. Let g be l(-7). Let f be (-5)/(g/(-8)) - -6. Calculate the greatest common divisor of 24 and f.
8
Let v = -152 + 240. Calculate the greatest common divisor of v and 11.
11
Suppose 0*v + 2*j = -3*v + 68, 3*j - 32 = -v. Let p be (-1280)/8*(0 - 1). What is the greatest common divisor of v and p?
20
Suppose 4*c - 4 = 16. Calculate the highest common factor of 1 and c.
1
Let g be 82/6 + 5/15. Let q = -191 - -345. What is the highest common divisor of q and g?
14
Let m(v) = -v + 21. Let k be m(9). Calculate the highest common divisor of 30 and k.
6
Suppose -h + 4 = -n, -5*h = -0*h - 2*n - 29. What is the highest common divisor of h and 7?
7
Suppose -5*o + 9 = 4. Calculate the highest common divisor of 1 and o.
1
Suppose -5*f = w - 195, 4*f - 3*w + 5*w - 150 = 0. Calculate the greatest common factor of 5 and f.
5
Let i(q) = -3*q + 2. Let c be i(-6). Let x(u) = 7*u**3 - 5*u**2 - 5*u + 11. Let r be x(3). What is the highest common factor of c and r?
20
Let y be 74/3 - 3 - (-1)/3. Suppose 2*z - 119 + 9 = 0. Calculate the greatest common factor of y and z.
11
Let o be (-20)/(-14) - 1 - 1578/(-42). Calculate the highest common divisor of o and 19.
19
Suppose -2*d + 5*p + 0*p = -71, -2*p - 2 = 0. Suppose -7 + 1 = -2*m. What is the greatest common divisor of d and m?
3
Let k(f) = f - f + 10*f**2 + 8 - 8*f**2. Let j be 1/4 - 75/12. Let b be k(j). Calculate the highest common factor of b and 32.
16
Let h(j) = 8*j + 1. Let n be h(7). Suppose -2*m - 87 = -3*d + m, 3*d + 3*m - n = 0. Suppose 4*u = 8*u - 32. What is the highest common divisor of d and u?
8
Suppose g + 0*g + 1 = -2*k, -5*g - k + 31 = 0. What is the greatest common factor of g and 35?
7
Let b be (3/(-15))/(1/(-65)). What is the greatest common divisor of 143 and b?
13
Let m be (-72)/21*(-126)/12. What is the highest common factor of 24 and m?
12
Let g(x) = -14*x - 2. Let q be g(-5). Let d = q - 23. Calculate the greatest common factor of 5 and d.
5
Suppose -2*d - d + 20 = 2*q, 4*q = d + 68. Suppose -2*g + 7*a = 2*a - 6, 4*a = 3*g - q. Calculate the highest common factor of 2 and g.
2
Suppose -107 = -6*v + 1. Suppose -3*f + 245 = 5*h - 130, -3*f + 15 = 0. What is the greatest common factor of h and v?
18
Suppose -5*o + 29 = -4*p - 39, -5*o + 83 = p. Calculate the greatest common divisor of o and 16.
16
Let z = -6 + 11. Suppose 2*c - 421 = 5*x, 4*c = z*x + 625 + 192. What is the highest common factor of c and 22?
22
Let s(r) = -2*r + 152. Let l = 21 + -21. Let x be s(l). Calculate the highest common divisor of x and 19.
19
Let t be 19 - (30/(-2))/5. Let f = 484 + -330. What is the greatest common divisor of f and t?
22
Let u be -2 + (-13 + -1)*-1. Suppose 3*c - 7*c - 46 = 2*v, -4*c = -u. Let t = v - -50. Calculate the highest common divisor of t and 3.
3
Let p be (16/12)/((-3)/(-414)). Calculate the greatest common factor of 23 and p.
23
Let q = -209 + 308. What is the greatest common divisor of q and 66?
33
Let m(d) = d**3 - d**2 - d + 2. Let w be m(0). Let c = 27 - 26. What is the greatest common divisor of w and c?
1
Let c = 6 - 58. Let h = c + 96. What is the highest common divisor of h and 11?
11
Let i be 2 - 3 - -1*9. Let z(h) = h**3 - 7*h**2 - 7*h - 6. Let t be z(i). Suppose 0 = -t*j - 1 + 11. Calculate the greatest common divisor of j and 2.
